= -i**3 - 3*i**2 + 10*i - 6. Give v(u).
-156
Suppose 4*s = 4*f + 88, -s - 30 = f - 0*f. Let u be -4 + f/(-7) - (-2)/7. Let q(b) = b**3 - b**2 + 10. Give q(u).
10
Suppose 4*x - 14 = 14. Let z(g) = g**2 + g - 2. Let p be (-4)/12 - (-32)/6. Let r(k) = -k**3 + 3*k**2 - 13*k + 13. Let c(u) = p*z(u) + r(u). Calculate c(x).
-4
Let l(v) = 2*v**2 + 5*v - 88. Let u be l(12). Let y be 2/(-6) + (u/15 - 6). Let i(b) = b**3 - 11*b**2 - b + 13. Determine i(y).
2
Suppose -4*p + 8 = -c - 2, 4*c + 10 = p. Let x(d) = -p - d**3 - 2*d - 33*d**2 - 30*d**2 + 60*d**2. Give x(-2).
-2
Let d(o) be the first derivative of o**5/60 - 13*o**3/6 + o**2 - o + 242. Let a(y) be the second derivative of d(y). Determine a(0).
-13
Let d(z) be the first derivative of -z**3 - 8*z**2 - 17*z + 2791. Determine d(-4).
-1
Let h(m) = -m + 4. Let d(o) = -7*o + 25. Let i(f) = 3*d(f) - 24*h(f). Calculate i(11).
12
Let s(w) = 4*w**2 - 96*w - 19. Let d be s(0). Let z(v) = 7*v + 122. Determine z(d).
-11
Let x(s) = 173*s + 646 + 178*s + 186*s - 553*s. What is x(40)?
6
Let a(y) = -y**3 + 5*y**2 - 4*y + 5. Let q be (17 - -2)*(18 + -8). Suppose -q = 8*b - 206. Calculate a(b).
9
Let r(i) = -i + 6. Let j(n) = n**3 - 10*n**2 + 12*n - 12. Let a = -26 + 35. Let t be j(a). Let s = t - 11. Determine r(s).
2
Let r(p) = -p**2 + 4*p + 6. Let j = -48 + 48. Suppose 5*d = -j*d + 10. Suppose -d*f + 10 = -0*f. Give r(f).
1
Let y(i) = 97 - 87 + 21*i - 13*i. Calculate y(5).
50
Let q(i) = -i**3 + 55*i**2 - 205*i + 47. Let w be q(51). Let r(u) = 4*u + 1. Give r(w).
-15
Let o be (-16)/(-28) + (9/(-126))/((-3)/1026). Let a(m) = -m + 15. Calculate a(o).
-10
Let f(m) = -5*m + 16 - 2 + 2 - 17. Let d(v) = 2 + 9*v + 2*v + 1. Let p(i) = 6*d(i) + 13*f(i). Calculate p(-12).
-7
Let i(l) be the second derivative of -l**5/20 + l**4/2 - 5*l**3/6 - 3*l**2 - 21*l - 2602. Let n be (-38)/(-8) + 1/4. Determine i(n).
-6
Let a(y) = 2. Let n(t) = t**3 + 2*t - 1. Let q be n(0). Let m(u) = -2*u + 3. Let z(l) = q*m(l) + 4*a(l). Calculate z(-6).
-7
Let a(f) = -2*f**2 - f + 7. Let v(n) = -21*n**2 - 17*n + 66. Let l(y) = -8*a(y) + v(y). Calculate l(1).
-4
Let r(p) be the second derivative of -11/6*p**3 + 0 - 2*p**2 - 6*p. Calculate r(-4).
40
Let d(q) = -48*q**3 + 135*q**2 + 74*q - 420. Let u(i) = -10*i**3 + 27*i**2 + 15*i - 85. Let f(l) = -6*d(l) + 29*u(l). What is f(-13)?
3
Suppose -3*w + 2*h + 14 = -2*h, 22 = 3*w + 4*h. Suppose -5*u + 7 = 2. Let q(o) = 2 - u - 3 + 2*o - o. Determine q(w).
4
Let l(f) = -f**2 + 8*f - 9. Suppose -8*d + 69 = -27. Suppose d*x - 33 - 39 = 0. Give l(x).
3
Suppose 0 = -5*o + 72 - 77. Let k(x) = -3*x**2. Let d(s) = 12*s**2 + 2*s - 3. Let y(t) = o*d(t) - 5*k(t). Give y(2).
11
Suppose 25 = 2*i - 3*y, 0 = -2*i + 4*y + 27 + 3. Let n(t) = 26*t + 63 + 67 - 29*t - 123. Calculate n(i).
-8
Let k = 6681 - 6682. Let r(h) = -2*h**2 + h + 1. Calculate r(k).
-2
Let m(z) be the third derivative of 19*z**5/60 - z**4/12 + z**3/2 + 367*z**2. Calculate m(2).
75
Let b(i) be the second derivative of i**4/12 + 5*i**3/6 - i**2 + i - 121. Let a = -27 - -23. Calculate b(a).
-6
Suppose g + 12 = 37. Suppose 0 = -g*u + 45*u - 20. Let f(s) = 2*s**2 - 2*s + 1. Give f(u).
1
Let i(o) = o**3 + 5. Let u be 3/6*(-2 + -2). Let p be 5/((-140)/36) - u/7. Let s(q) = 3*q**2 + 4*q + 1. Let g be s(p). Calculate i(g).
5
Let y(x) = x**2 - 5*x + 4. Let b(f) = 10 + 12*f**2 + 3*f - 21*f**2 + 10*f**2. Let m be b(-4). Suppose -m = -2*s - 6. Determine y(s).
0
Let u(p) be the first derivative of -1/120*p**6 + 4*p**2 + 1/8*p**4 + 1/15*p**5 - 14 + 0*p + 2/3*p**3. Let j(c) be the second derivative of u(c). Give j(5).
-6
Let j(t) = -122*t - 199. Let k(h) = -334*h - 596. Let z(n) = 11*j(n) - 4*k(n). What is z(31)?
9
Let i(t) = 6*t - 4. Let h = 84 - 68. Suppose 3*o - 4*g = 13, h*o = 21*o - 2*g - 17. Determine i(o).
14
Let v(d) = -d**3 - 11*d**2 + 11*d - 10. Suppose -2179*y + 44 = -3*s - 2175*y, -s + 5*y - 22 = 0. Give v(s).
2
Let r(c) = 3*c + 57. Let s = -2916 + 2897. Give r(s).
0
Let o(j) be the third derivative of -1/4*j**4 - 7/60*j**5 - 1/120*j**6 + 0 - 217*j**2 + 5/6*j**3 + 0*j. Determine o(-7).
47
Let b(o) = o**2 - 3*o + 5. Suppose 0 = -7*k + 8*k - 243. Let t = k + -238. Calculate b(t).
15
Let c(w) = w**2 + 7*w + 5. Let n be c(-7). Let k = -8 + n. Let x(f) be the first derivative of f**3/3 + 2*f**2 + f + 35539. What is x(k)?
-2
Let p(m) = -15*m**2 - 2*m - 2. Suppose -72 = 457*i - 421*i. Determine p(i).
-58
Let d(u) = -u**2 - u - 3. Let w(k) = 3*k**2 + 3*k + 12. Let z be w(0). Suppose -11 = -z*b - 71. Calculate d(b).
-23
Let o(z) be the first derivative of -z**4/4 + 7*z**3/3 - 13*z**2/2 + 168*z + 3920. What is o(8)?
0
Let y be (-420)/63 + (-1)/3. Let f(d) be the first derivative of -17 + 7/2*d**2 + 8*d + 1/3*d**3. Determine f(y).
8
Let i(o) be the second derivative of 10*o**3 + 7*o**2/2 - 3*o + 193. Determine i(2).
127
Let s(o) = 13*o**3 - 28*o**2 - 37*o - 53. Let r(p) = -3*p**3 - 21*p - 11 + 7*p**2 + 30*p + 24. Let x(q) = -9*r(q) - 2*s(q). Determine x(8).
-3
Suppose -17 = 3*d + 2*d - 2*x, -x = d + 9. Let k(t) = t**2 - 84*t. Let p(w) = 3*w**2 - 162*w + 3. Let q(v) = -2*k(v) + p(v). Calculate q(d).
-2
Let c(f) = 2*f**3 + 2*f**3 + 152787*f**2 - f + 3*f**3 + 3*f**3 - 152790*f**2 + 4. Calculate c(1).
10
Let c(i) = i**2 + 34*i - 42. Suppose 254*z - 240*z = -490. Calculate c(z).
-7
Let w(l) = 2 - 3*l**2 + 9340316*l - l**3 - 9340316*l. Let p be 2 - 40/12 - 10/15. Calculate w(p).
-2
Let l be (-232)/(-87) - (1 + 1)/(-6). Let h(a) = 107 + l*a + a**2 - 2*a**2 - 105 - a**3. Give h(-2).
0
Suppose 0*r - 5*h = r - 121, 324 = 3*r + 2*h. Let n = -104 + r. Let f(k) = 15 - 7 + k**2 - 7 - 2*k. Determine f(n).
1
Let c(d) = d**2 + 2. Suppose 10*u = 3*u + 630. Let z(x) = u - x - 52 - x. Let a be z(18). What is c(a)?
6
Let r = -4420 + 4423. Let b(d) be the third derivative of 0*d - 22*d**2 + 1/3*d**4 - 1/2*d**r + 0. What is b(3)?
21
Let l(i) = -i**2 + 6*i - 2. Let t(s) = s**2 + 2*s + 5. Let q be t(-2). Suppose -4*n + 201 = q*j - 5*n, 0 = -n + 4. Let y = j - 36. Calculate l(y).
3
Let x(o) = -13*o**2 - 4*o - 10. Let q be (7821/66)/79 + 7/(-2). Calculate x(q).
-54
Let h = 2085 - 1225. Let c(t) = 10*t**2 - h + 434 + 434 + t**3 + 9*t. Calculate c(-9).
8
Let x = 548 - 539. Suppose -8*d - 10 = 4*v - 6*d, -3*d = x. Let p(s) = -9*s - 2. Calculate p(v).
7
Let v be (-13)/(-5) - 13034/190. Let k(h) = h**3 + 66*h**2 + 2*h + 134. Calculate k(v).
2
Let q(a) be the second derivative of -8*a**3/3 + 57*a**2/2 - 202*a - 7. Give q(4).
-7
Suppose -28*o + 2746 = -2014. Let b(v) = 7*v**2 + o - 3*v**3 + 2*v**3 - 345 + 167 + v. Give b(7).
-1
Let u(m) = -2*m - 57. Let l(z) = z + 34. Let i(g) = 5*l(g) + 3*u(g). Suppose h - 3*h - 14 = 0. Let s = 11 + h. Give i(s).
-5
Let y(u) be the first derivative of 1/2*u**2 - 2*u + 278. Determine y(2).
0
Let f(m) = 5169 - 5170 + 0*m - m. Let n(v) = 7*v + 3. Let g(w) = 6*f(w) + n(w). Suppose 14 = -i + 3*p + 5, -2*i - 2*p = 10. What is g(i)?
-9
Suppose 85 + 15 = -20*i. Let x be (i + 5 - -8)/((-24)/(-18)). Let v(u) be the second derivative of -u**3/6 - 2*u. What is v(x)?
-6
Let h = 6041 - 6035. Let l(p) be the first derivative of -p**2/2 + 2*p - 3. Determine l(h).
-4
Let x(l) = l**3 - 51*l**2 - 112*l + 339. Let i be x(53). Let h(w) = -w**2 + 23*w - 36. What is h(i)?
6
Let w(p) = -p**3 - p**2 - 7. Suppose 0 = -67*x + 63*x + 8. Suppose -6*u = -x*u + 7*u. Calculate w(u).
-7
Let d(t) = -t**3 - 2*t**2 + 11*t + 17. Let x(u) = -u**3 - 18*u**2 - 49*u + 24. Let b be x(-4). Calculate d(b).
5
Let x(k) = -16*k**3 - 2*k - k**2 + k + 17*k**3 + 8. Let m(h) = 12*h + 2. Let v be m(2). Suppose 25*g = v*g. What is x(g)?
8
Let h(i) = -4*i - 4. Let a(k) = 4*k + 4. Let z(m) = 2*a(m) + 3*h(m). Let v(c) = 5*c + 5. Let u(n) = -6*v(n) - 7*z(n). Suppose -8 = 12*w - 32. What is u(w)?
-6
Let i = 6803 + -6811. Let d(r) = -6*r + 15. Calculate d(i).
63
Let q be (16 - 13)/((-1)/(-1)). Let n(c) = c - 5*c - c**3 + q*c + 6. Let h be n(0). Let l(z) = -z + 4. What is l(h)?
-2
Let m(p) = 6*p - 43. Let g = 8652 - 8639. Determine m(g).
35
Let r(k) be the first derivative of -k**4/4 + 2*k**3 - 7*k**2/2 - 2*k - 3809. What is r(6)?
-44
Let n(u) = -5*u**2 - 6*u - 9. Let z(g) = -22*g**2 - 23*g - 42. Let m(v) = 9*n(v) - 2*z(v). Determine m(-6).
15
Let i(c) = c**2 - 7*c - 1. Let j be (-23)/(-5) + 16/40. Suppose 3*k - 22 = 5*h - 